 2*z = -2*r + 24. List the prime factors of z.
2, 3
Suppose 0 = a - 2*g - 12, -2*g = 3*a + 2*g - 16. Suppose -2*c = -0 - a. List the prime factors of c.
2
Let t(u) = 4*u**2. Let l(y) = 7*y**2 - 1. Let v(f) = 3*l(f) - 5*t(f). What are the prime factors of v(3)?
2, 3
Suppose -2*t - x + 9 = 0, 3*x - 6 - 18 = -5*t. Suppose -6 = -0*b + t*b, 3*r + 2*b - 44 = 0. Let v = r + -8. List the prime factors of v.
2
Suppose -6*g = -2*g - 80. What are the prime factors of g?
2, 5
Suppose 2*p = -0*p - 24. List the prime factors of (8/p)/(2/(-9)).
3
Let u(z) = -z**2 - 5*z + 7. Let l be u(-8). Let a = -13 - l. List the prime factors of a.
2
Suppose -2*x - 5 = 9. Let w(u) = -1 + 0*u - 2*u + u. List the prime factors of w(x).
2, 3
Let w(g) = -g**3 + 7*g**2 + 7*g - 8. What are the prime factors of w(7)?
41
Let d be 1/(-3) - 33/9. Let v = d - -6. What are the prime factors of v/(-4) - 45/(-6)?
7
Let h(s) = -2*s - 3. Let t be h(-8). Suppose 2*o + 5*f = 33, 5*o + 4*f = t + 27. Suppose -1 = -o*i + 27. What are the prime factors of i?
7
Let y be -3 + (-3 - -4)*-2. Let w = y - -19. What are the prime factors of w?
2, 7
Let b(y) = -y**3 - 2*y**2 + 0*y - 10*y**3 - y. What are the prime factors of b(-1)?
2, 5
Suppose s - i - 7 - 7 = 0, 70 = 5*s + 3*i. What are the prime factors of s?
2, 7
List the prime factors of (3586/(-77))/((-3)/21).
2, 163
Let s = 51 + 21. List the prime factors of s.
2, 3
Let p(o) = -o**3 - 9*o**2 - 4*o - 13. What are the prime factors of p(-9)?
23
Let z(b) be the second derivative of -b**3/6 + 3*b**2/2 + 4*b. What are the prime factors of z(-11)?
2, 7
Suppose -2*s = 3*s. Suppose 0*k + 4*r = -2*k + 62, -4*k - 3*r + 99 = s. List the prime factors of k.
3, 7
Let c = -7 + 12. Let m(b) = -2*b**2 + 5*b + 1. Let y(l) = -l**2 + 3*l + 1. Let n(k) = -3*m(k) + 7*y(k). List the prime factors of n(c).
3
Let j be (2/(-3))/((-2)/3). Suppose 0 = -5*h + 1 + 4. Let b = j + h. What are the prime factors of b?
2
Let v(p) = -p - 3. Let z be v(-7). Let n be (3 - 1) + -4 + z. Let f = 1 + n. What are the prime factors of f?
3
Let q(m) = m**3 - 5*m**2 - 7*m + 6. Let z be q(6). Suppose -4 = -z*o - 4*o. Let x = o + 11. List the prime factors of x.
2, 3
Let g(p) = -p + 9. Let b = 9 - 2. Let r be g(b). Suppose 28 = 3*v + 2*u, -r*v + 64 = 2*v - 4*u. What are the prime factors of v?
2, 3
Let b = 12 + -12. Suppose 6*g - 145 - 11 = b. What are the prime factors of g?
2, 13
Suppose -2*g + 0*g + v = 192, -3*g + v - 286 = 0. What are the prime factors of 3/18 + g/(-12)?
2
Let g be 26/(-4)*(0 - 4). Let s = 21 + -16. Suppose -s*u = -3*u - g. What are the prime factors of u?
13
Let a = 16 - 11. Suppose 3*k = -p + 3 + 15, 70 = a*p - 5*k. What are the prime factors of p?
3, 5
What are the prime factors of 220/10*1*4?
2, 11
Suppose 0 = -o - 3*u - 64, -u + 70 = -o - 6*u. Let x be o*-2*(-1)/(-2). Suppose -6*g + g = -x. List the prime factors of g.
11
Suppose 2*b = 7*b + d - 373, -b + 5*d + 85 = 0. What are the prime factors of b?
3, 5
Suppose -4*c + 66 = 5*m - 3*c, 2*m = -3*c + 16. List the prime factors of 92/m - 3/(-7).
7
Let i(f) = f - 7. Let b be i(6). Let k = b + 4. List the prime factors of k.
3
Suppose 4*j + 8 = -4*p - 0*p, -2*j - p = 3. List the prime factors of 3/((j/(-1))/2).
2, 3
Suppose 4*z - 4 = 40. Let f = z - 6. Suppose 25 + f = 5*s + 3*u, 3*u = 5*s - 30. List the prime factors of s.
2, 3
Suppose -b + 15 = 5*x, 4*x + 4*b = -0*b - 4. Suppose 11 + 1 = x*a. Suppose -l = -a*l + 18. What are the prime factors of l?
3
Let u(h) = -h**3 - h**2 + 7*h + 2. List the prime factors of u(2).
2
Suppose 0*c - 5*c = 75. Let a = c - -27. List the prime factors of a.
2, 3
Let i(f) = -94*f + 2. What are the prime factors of i(-3)?
2, 71
Let c(b) = b**3 - 7*b**2 - 4*b + 10. Let s be c(7). Let v = s - -5. Let r = v - -23. List the prime factors of r.
2, 5
Suppose -17 = a - 3. Let y = -8 - a. What are the prime factors of y?
2, 3
Let k = -20 + 2. Let t = -1 - k. What are the prime factors of t?
17
Let p(q) = -q**3 - 8*q**2 - q + 5. Let j be 52/(-6) + (-2)/(-3). What are the prime factors of p(j)?
13
Let i(v) = -v - 3. Let g be i(-5). Suppose -4*y + 4 = -s, -y - g + 29 = 3*s. What are the prime factors of s?
2
Suppose 12*a - 1 = -1. Let r = -12 + 17. Suppose h + r*o + 3 = 2*h, a = -4*h - o + 33. What are the prime factors of h?
2
Let b(s) = -2*s - 11. Let r(o) = 3*o + 12. Let h(q) = -4*b(q) - 3*r(q). Let v be (-3)/((12/(-8))/(-3)). List the prime factors of h(v).
2, 7
Suppose -2*a - 14 = 3*f, 5*f = f - 16. Let v = -5 - a. Let u(m) = -4*m - 6. What are the prime factors of u(v)?
2, 5
Let i(v) be the first derivative of v**2 - 6*v + 2. Let o be i(7). Let u = 5 + o. List the prime factors of u.
13
Let c(j) = j**2 - 9*j + 24. List the prime factors of c(17).
2, 5
Suppose -4*j - 41 = -5*g - 0*g, -2*g - 5*j = 10. What are the prime factors of g?
5
Suppose -4*v + v + 4*n + 10 = 0, 3*v = -5*n + 1. Let l(r) = 3*r**3 - 3*r**2 + 3*r - 2. What are the prime factors of l(v)?
2
Suppose c + 3 = 8. Suppose -16 = 4*r - 2*a, 31 = -3*r + c*a + 5. What are the prime factors of ((-9)/r)/(8/16)?
3
Let v be ((-18)/8)/(9/(-24)). Let o = 9 - v. List the prime factors of o.
3
Let a = -1 - -25. Let w = a - 4. Suppose -4*m + 3*m + w = 4*n, 4*n - 16 = 0. What are the prime factors of m?
2
Let b(t) = 4*t + 3*t - t**2 - 5 + t - 1. Let o be 4/(-1)*(-4)/4. List the prime factors of b(o).
2, 5
Let r = 15 + -29. Let z be -5*(-3)/(-15)*r. Let m = -7 + z. What are the prime factors of m?
7
Let w be 136/32 - (-2)/(-8). Suppose -4 = -w*n + 2*n. List the prime factors of -2 + -2 + n - -9.
7
Suppose 0 = -3*h - 0*h - 5*n + 45, -5*h = 5*n - 85. Suppose -4*o - 2*u + 22 = 0, 4*o = -0*o - 4*u + h. What are the prime factors of o?
2, 3
Let r(f) = f**2 + 8*f + 6. Let v be r(-6). Let y(x) = x**3 + 5*x**2 - 8*x - 8. Let n be y(v). Suppose -21 = -n*h + 35. What are the prime factors of h?
2, 7
Let d be (6 + 0)*2/4. Suppose 1 = i, -2*i + d = 3*f - 5. Suppose 63 = 5*m + f*r, 4*r - 38 = 2*m - 4*m. List the prime factors of m.
11
Let f = 0 - -4. Suppose 0 = -f*l + 2*l + 64. What are the prime factors of l?
2
Suppose 2*s + 1 = 3*n + 4, n = 1. Suppose -2*l - 45 = -f + 23, 4*l + s*f + 126 = 0. Let y = l + 48. What are the prime factors of y?
3, 5
Let o = 6 - 1. What are the prime factors of 10 + (o - 2)/(-3)?
3
Let s(d) = -d**2 - 10*d - 10. Let c be s(-8). Suppose t = m - 6*m + 23, -c = -2*t. What are the prime factors of m?
2
Let w(a) = 15*a - 2. What are the prime factors of w(1)?
13
Let o = -17 + 41. Suppose 0 = 2*h - 10 - o. What are the prime factors of h?
17
Suppose 0*n + 3*n = 0. Suppose n = -4*g + 40 + 96. What are the prime factors of g?
2, 17
Suppose 0 = y + 3*y. Suppose y*s + 19 = s. Suppose -3*w + s = 1. What are the prime factors of w?
2, 3
Suppose 3*c - 4*y - 15 = 0, -y - 6 - 19 = -5*c. Suppose -3*o + 14 = c*a, -4*o = 2*a + 1 - 15. List the prime factors of o.
3
Let s = -320 + 471. List the prime factors of s.
151
Let c(n) = -n**2 - 10*n - 12. Let f be c(-9). Let b be f/6 - 54/(-4). Suppose 3*l - 23 - b = 0. List the prime factors of l.
2, 3
Let p = -2 + 2. Let a(d) = 3*d**3 + 3*d**3 + d**2 + 9 + 2*d**3 - 7*d**3. List the prime factors of a(p).
3
Suppose -10*j + 1624 = -2*j. What are the prime factors of j?
7, 29
Suppose 145 = -4*o + 37. Let m = o - -13. Let h = m - -25. List the prime factors of h.
11
Let v = 15 + 4. Suppose a - 5*a = -z - v, -3*z - 5 = a. List the prime factors of a.
2
Let j be -2 + 8 + -2 + 0. Suppose 0*h - 20 = -j*h. Suppose -2*n - 21 = -h*n. List the prime factors of n.
7
Let b = 29 - 17. Suppose -m - 2*m = -b. What are the prime factors of m?
2
Suppose -3 = 5*m + 4*z + 6, 0 = 2*m + 2*z + 4. List the prime factors of -2 + (m - -5 - -1).
3
Let b be 7 + (0 - -1 - 1). Let z(s) = 7*s**2 + 7*s - 8. Let c(g) = -8*g**2 - 8*g + 9. Let i(a) = b*z(a) + 6*c(a). What are the prime factors of i(-4)?
2, 5
Suppose 0 = -2*g + 4*g + 12. Let u be -3 + 1 - (g + 2). What are the prime factors of 2/(u + 33/(-18))?
2, 3
Suppose 4*o - i - 324 = 161, 0 = -5*o + 2*i + 610. What are the prime factors of o?
2, 3, 5
Let m = 302 + -124. What are the prime factors of m?
2, 89
Let q(o) = -2*o**2 + 3*o**2 - 4*o**3 - 3*o**2. What are the prime factors of q(-2)?
2, 3
Suppose -3*d - 18 - 48 = -4*o, -3*d = o - 9. List the prime factors of o.
3, 5
Let p =